 is the hundreds digit of 182 + (-6)/f + 20/9?
1
Let z(x) = -x**3 - 5*x**2 - 1. Let j be z(-5). Let p be 0/(j/(-1) - 2). Let n = 19 - p. What is the tens digit of n?
1
Let o(v) = 8*v + 51. Let n be o(-6). What is the tens digit of (n - 172/60) + 1766/30?
5
Suppose 99 = 4*s - 4*l - 133, 2*l = 4*s - 222. Let f = s + -37. What is the units digit of f?
6
Suppose 0 = -p - 4*h + 600, -3*p + 17*h = 18*h - 1855. What is the units digit of p?
0
Suppose -3*w - 77 + 1041 = 2*l, -2*w = 5*l - 2388. What is the hundreds digit of l?
4
Suppose 4*p - 9 = 3. What is the units digit of (-51)/(-4)*2/p*4?
4
Let y(z) = -5*z + 242. Let o = -2 + 2. What is the units digit of y(o)?
2
What is the units digit of 32/(-24)*-3 + 759?
3
Let g = -8 + 16. Suppose 737 + 743 = g*i. What is the hundreds digit of i?
1
Suppose -2*a = n, -2*a - 3 - 1 = 0. Suppose 2*q = -n*w + 388 + 498, -q = -5*w + 1097. Suppose 0 = 3*c + 5*d + 37 - w, -6 = -2*d. What is the units digit of c?
6
Let j(o) = 309*o**2 - 14*o + 14. What is the hundreds digit of j(1)?
3
Let t(n) = 34*n - 2. Let f be t(1). Suppose 2*w - 112 = f. What is the units digit of w?
2
Suppose 59*v = 56*v + 432. What is the tens digit of v?
4
Suppose a = 6 - 1. Suppose a*z + 3*n = 72, -4*z = n + 4*n - 68. What is the units digit of z?
2
Suppose -2*m + 34 = 142. Let n be (-6)/27 - (-3552)/m. Let b = 93 + n. What is the tens digit of b?
2
Suppose -5*b + 5*h = -2680, -3*b + 1618 = -7*h + 2*h. Suppose -x = 2*x - b. What is the tens digit of x?
7
Suppose 0 = -36*v + 41*v - 1365. What is the units digit of v?
3
Suppose 0 = -n - m + 297, 603 = -5*n + 7*n - m. What is the hundreds digit of n?
3
Let h = -1148 - -1556. What is the tens digit of h?
0
Suppose 716 = p + 128. What is the hundreds digit of p?
5
Let p = 33 + -27. Suppose f = p*f. Suppose f = 5*a - 59 + 9. What is the units digit of a?
0
Let h = -17 + 27. Suppose -170 = h*d - 15*d. What is the tens digit of -2 + d - -2 - 2?
3
What is the units digit of ((-2)/6*-1228)/((-12)/(-18))?
4
Suppose 2*v = 4*k - 58 + 22, -5 = -3*k - 4*v. Suppose 0 = c, k*s - c - 40 = 3*s. What is the units digit of s?
0
Let j(i) = 6*i**3 - 3*i**2 + 2*i. Let b be j(2). Suppose 8*v + b - 944 = 0. What is the tens digit of v?
1
Let s(x) = -6*x**3 - 12*x**2 - 4*x + 1. What is the tens digit of s(-6)?
8
Let d = -7 - 58. What is the hundreds digit of (-2)/(-13) - 6880/d?
1
Let s = -72 + 93. What is the units digit of s?
1
Let s = 148 - 35. What is the tens digit of s?
1
Let b(t) = 2*t**2 - 4*t. Let u be b(5). Suppose -4*l = -5*x - u, 0*l + 2*l - 18 = 4*x. What is the units digit of 17/((-3)/(-30)*l)?
4
Suppose 15 = -0*h - 5*h, 0 = 4*n + 5*h + 3. Suppose -r + n*o = -2*o - 26, 3*o = r - 36. What is the tens digit of r?
5
Let s(t) = t**3 + 7*t**2 - 8*t - 1. Let u be s(-7). Let k be 48/(-22) - (-10)/u. Let f = 24 + k. What is the units digit of f?
2
Let d = 11 - 15. Let y(h) = -h**3 + 3*h**2 + 7*h + 4. Let j be y(d). Suppose -3*m + 2*r = m - j, m - 23 = r. What is the tens digit of m?
2
Suppose -3*l - 48 = -5*l. Let t = l + -16. What is the tens digit of (t/16)/((-1)/(-58))?
2
Suppose -z = -3*t - t + 10, 3*z - 2*t = 10. What is the tens digit of (-4)/6 - (-544)/z?
9
Suppose 5 = 2*d - 47. Suppose 126 = 4*g + d. What is the tens digit of g?
2
Let n be 2 + 823 - (0 - 1). Let a = n - 565. What is the hundreds digit of a?
2
Let x(i) be the second derivative of i**5/10 - 13*i**4/12 + 2*i**2 + 29*i. What is the units digit of x(7)?
3
Let t(v) = 170*v**2 + v. Let h(z) = 340*z**2 + 2*z. Let b(x) = -4*h(x) + 9*t(x). What is the units digit of b(1)?
1
Suppose -23*d = -37370 - 5341. What is the units digit of d?
7
Suppose -6*o + 11*o = 20. Suppose 6*h = h + 2*y + 167, o*y - 191 = -5*h. What is the tens digit of h?
3
Let q = 5337 - 1554. What is the thousands digit of q?
3
Let x = 50 + -74. Let z be 12/x*0/(-2). Suppose 4*i = -2*d + 30, -2*d + 3*d + 1 = z. What is the units digit of i?
8
Let y be (0 + 0)/(6 - 9). Suppose y = 3*v - 314 - 676. What is the units digit of v?
0
What is the thousands digit of 8 - (2 - (3395 - 0))?
3
Suppose 50*w - 56760 = 26*w. What is the tens digit of w?
6
Suppose 4*j = -0*j - 172. Let q = 45 + j. What is the units digit of q?
2
Suppose 8*y - 8867 = 5477. What is the thousands digit of y?
1
Let q be (-58*22/(-16))/(3/12). Suppose -201 - q = -5*a. What is the tens digit of a?
0
Let s be (-3 - (-7 - -3))*3. Suppose s*w = -3*w + 36. Suppose 4*h - w*h = -126. What is the tens digit of h?
6
Let r = 154 - 61. What is the units digit of r?
3
Let n be 9/6*(-12)/(-18). Let k be ((-50)/n)/(8/(-20)). Suppose 11*p = 16*p - k. What is the units digit of p?
5
Let i(u) = -2*u**2 + u - 5. Let q be i(7). Let g = q - -227. What is the tens digit of g?
3
Let f(j) = 11*j + 28. Let p(c) = -16*c - 42. Let i(a) = -7*f(a) - 5*p(a). What is the tens digit of i(11)?
4
Let c be (4 - 9/3) + -2. Let w be c/(-4) - 87/12. What is the units digit of (15 - w) + (-4 - -2)?
0
Let h = -520 + 762. What is the tens digit of h?
4
Let p(t) be the third derivative of t**4/8 + 35*t**3/6 - 9*t**2. What is the units digit of p(0)?
5
Let c(q) = 5*q**2 + 9*q + 24. What is the units digit of c(9)?
0
Suppose -11*i + 42698 = 14868. What is the thousands digit of i?
2
Let h be 0 - (1 + 2) - -6. Suppose -6*g - 12 = -h*g. What is the units digit of 4 + g - (0 + -3)?
3
What is the hundreds digit of ((-1743)/(-15))/((-45)/(-225))?
5
Let j(v) = -5*v**3 - 4*v**2 - 5*v - 133. What is the units digit of j(-6)?
3
What is the tens digit of (((-5110)/(-21))/(-10))/(2/(-30))?
6
Let u = 87 - 157. What is the hundreds digit of 278 + (-126)/u + 1/5?
2
Let f = -36 + 34. What is the tens digit of -2 + 3 + (0/f - -28)?
2
Let q(g) be the first derivative of 17*g**2 + g - 10. What is the units digit of q(2)?
9
What is the tens digit of (4/(-2))/((-8)/888*3)?
7
Suppose -6*b + 303 = 4*c - 9*b, -4*b - 236 = -3*c. Let s = 123 + c. What is the tens digit of s?
9
Suppose 4*s - 4*l + 5*l - 247 = 0, 0 = l + 5. What is the tens digit of s?
6
Let w(r) = 287*r + 44. What is the hundreds digit of w(3)?
9
Suppose 0 = 30*r - 24*r - 8418. What is the units digit of r?
3
What is the units digit of 239*((-2)/4)/(13/(-78))?
7
Let n = -61 + 62. Suppose 2*s - 180 = 3*u, 0 = 5*u - 9 - n. What is the tens digit of s?
9
Let c be -1 + (-10)/(-14) - 37/(-7). Let p = -82 - -183. Suppose c*g + 5 = 0, g + p = 3*y + 5*g. What is the tens digit of y?
3
Let m(g) = g**3 - 16*g**2 - 14*g + 11. Suppose 27 = 2*h - 7. What is the tens digit of m(h)?
6
Suppose -5*q - 3*z + 392 = -263, 2*q + 5*z - 243 = 0. Suppose -230 = 3*g + 2*g - 5*a, 3*g + a + q = 0. Let c = g + 76. What is the units digit of c?
1
Suppose 0 = 4*f - 18*x + 20*x - 110, -3*x = -4*f + 95. What is the units digit of f?
6
Suppose 0*y - 2*y - 6 = 0. Let z = y + 6. Suppose z*d = 32 + 1. What is the tens digit of d?
1
What is the tens digit of 5167 + -5 - (-3 + -1)?
6
Suppose 2*h + 3*o + 24 + 25 = 0, 4*h = -4*o - 108. Let d = h + 50. What is the units digit of d?
8
Let u = 1953 - 1100. What is the hundreds digit of u?
8
Let m(j) = 132*j**3 - j**2 + j + 1. Let c be m(1). Let z = 217 - c. What is the units digit of z?
4
Let f = 1342 + -204. What is the thousands digit of f?
1
Let c(h) = -10*h**3 + 2*h**2 + 2*h + 1. Suppose 2*s + 10 = -3*s + 3*x, 2*s + 5*x = -4. What is the tens digit of c(s)?
8
Let c(s) = s**2 + s - 4. Let o(p) = p**2 - 2*p - 3. Let r be o(0). Let q be c(r). What is the tens digit of q/(-4 - 327/(-81))?
5
Suppose 0 = -a - 3*z - 12, 0 = -a + z + z + 13. Suppose -y + 101 = -2*s - 0*s, -a*y + 5*s + 305 = 0. What is the tens digit of y?
0
Suppose -245 - 313 = -9*x. What is the units digit of x?
2
Let s(u) = 2*u + 13. Let x be s(12). Suppose 6*b - 5*b = x. What is the units digit of b?
7
Suppose 3*o + 5*s = 23, -2*o - 3*s + 21 = o. Suppose 3*f = o*f. What is the units digit of 1 - (-2 + (f - -2))?
1
Let z(x) = 3*x**2 - 46*x - 21. Let y be z(15). What is the hundreds digit of ((-27536)/y)/4 - 2/9?
1
Suppose 5*t - 754 = 476. Let a = 427 - t. What is the hundreds digit of a?
1
Let a(l) = 3*l**2 + 12*l + 15. Let j be a(-11). Suppose -j - 242 = -4*f. What is the hundreds digit of f?
1
Let r = -40 + 460. What is the tens digit of r?
2
Let b = -27 + 11. Let j be 435/(-2)*b/10. Suppose -3*x + j = 3*x. What is the tens digit of x?
5
Let 